{"id":1852,"date":"2017-03-01T09:46:57","date_gmt":"2017-03-01T08:46:57","guid":{"rendered":"http:\/\/montessori-halle.de\/cms\/?page_id=1852"},"modified":"2017-03-01T09:47:41","modified_gmt":"2017-03-01T08:47:41","slug":"tanzen","status":"publish","type":"page","link":"https:\/\/montessori-halle.de\/cms\/hort\/konzept\/arbeitsgemeinschaften\/tanzen\/","title":{"rendered":"Tanzen"},"content":{"rendered":"<p>Die Tanz-AG ist eine der neueren AG&#8217;s und wird von den beiden FSJlern Klara und Marie Sophie geleitet.<br \/>\nDie Kinder \u00fcben dabei nicht nur einzelne Bewegungen sondern lernen auch ganze Choreographien zu verschiedenen Musikst\u00fccken.<\/p>\n<p>Die AG findet fast immer w\u00f6chentlich am Donnerstag von 14:15 Uhr bis 15:00 Uhr statt.<\/p>\n<p><a href=\"https:\/\/montessori-halle.de\/cms\/wp-content\/uploads\/2016\/12\/fertig1-e1480676898272.jpg\"><img loading=\"lazy\" class=\"alignright size-full wp-image-1653\" src=\"https:\/\/montessori-halle.de\/cms\/wp-content\/uploads\/2016\/12\/fertig1-e1480676898272.jpg\" alt=\"\" width=\"1920\" height=\"1700\" \/><\/a><\/p>\n","protected":false},"excerpt":{"rendered":"<p>Die Tanz-AG ist eine der neueren AG&#8217;s und wird von den beiden FSJlern Klara und Marie Sophie geleitet. Die Kinder \u00fcben dabei nicht nur einzelne Bewegungen sondern lernen auch ganze Choreographien zu verschiedenen Musikst\u00fccken. Die AG findet fast immer w\u00f6chentlich am Donnerstag von 14:15 Uhr bis 15:00 Uhr statt.<\/p>\n","protected":false},"author":2,"featured_media":0,"parent":58,"menu_order":0,"comment_status":"closed","ping_status":"closed","template":"","meta":[],"_links":{"self":[{"href":"https:\/\/montessori-halle.de\/cms\/wp-json\/wp\/v2\/pages\/1852"}],"collection":[{"href":"https:\/\/montessori-halle.de\/cms\/wp-json\/wp\/v2\/pages"}],"about":[{"href":"https:\/\/montessori-halle.de\/cms\/wp-json\/wp\/v2\/types\/page"}],"author":[{"embeddable":true,"href":"https:\/\/montessori-halle.de\/cms\/wp-json\/wp\/v2\/users\/2"}],"replies":[{"embeddable":true,"href":"https:\/\/montessori-halle.de\/cms\/wp-json\/wp\/v2\/comments?post=1852"}],"version-history":[{"count":1,"href":"https:\/\/montessori-halle.de\/cms\/wp-json\/wp\/v2\/pages\/1852\/revisions"}],"predecessor-version":[{"id":1853,"href":"https:\/\/montessori-halle.de\/cms\/wp-json\/wp\/v2\/pages\/1852\/revisions\/1853"}],"up":[{"embeddable":true,"href":"https:\/\/montessori-halle.de\/cms\/wp-json\/wp\/v2\/pages\/58"}],"wp:attachment":[{"href":"https:\/\/montessori-halle.de\/cms\/wp-json\/wp\/v2\/media?parent=1852"}],"curies":[{"name":"wp","href":"https:\/\/api.w.org\/{rel}","templated":true}]}}