{"id":1864,"date":"2017-03-01T09:59:20","date_gmt":"2017-03-01T08:59:20","guid":{"rendered":"http:\/\/montessori-halle.de\/cms\/?page_id=1864"},"modified":"2017-03-01T10:00:50","modified_gmt":"2017-03-01T09:00:50","slug":"malwerkstatt","status":"publish","type":"page","link":"https:\/\/montessori-halle.de\/cms\/hort\/konzept\/staendige-freizeitangebote\/malwerkstatt\/","title":{"rendered":"Malwerkstatt"},"content":{"rendered":"<p>Dieses Freizeitangebot ist eine weitere M\u00f6glichkeit f\u00fcr die Kinder sich kreativ auszuprobieren, indem sie alles zeichnen k\u00f6nnen was ihnen in den Sinn kommt. Sie k\u00f6nnen dabei aber nicht nur malen sonder auch mit Steckperlen oder Fotos arbeiten und so ihrer Fantasie freien Lauf lassen.<\/p>\n<p>Die AG findet w\u00f6chentlich 13:30 Uhr am Mittwoch statt und wird von Frau Schnelle geleitet.<\/p>\n<div id='gallery-1' class='gallery galleryid-1864 gallery-columns-2 gallery-size-medium'><figure class='gallery-item'>\n\t\t\t<div class='gallery-icon landscape'>\n\t\t\t\t<a href='https:\/\/montessori-halle.de\/cms\/wp-content\/uploads\/2017\/02\/DSC03885-e1487935694390.jpg'><img width=\"400\" height=\"266\" src=\"https:\/\/montessori-halle.de\/cms\/wp-content\/uploads\/2017\/02\/DSC03885-400x266.jpg\" class=\"attachment-medium size-medium\" alt=\"\" loading=\"lazy\" srcset=\"https:\/\/montessori-halle.de\/cms\/wp-content\/uploads\/2017\/02\/DSC03885-400x266.jpg 400w, https:\/\/montessori-halle.de\/cms\/wp-content\/uploads\/2017\/02\/DSC03885-1024x682.jpg 1024w, https:\/\/montessori-halle.de\/cms\/wp-content\/uploads\/2017\/02\/DSC03885-177x118.jpg 177w, https:\/\/montessori-halle.de\/cms\/wp-content\/uploads\/2017\/02\/DSC03885-e1487935694390.jpg 1920w\" sizes=\"(max-width: 400px) 100vw, 400px\" \/><\/a>\n\t\t\t<\/div><\/figure><figure class='gallery-item'>\n\t\t\t<div class='gallery-icon landscape'>\n\t\t\t\t<a href='https:\/\/montessori-halle.de\/cms\/wp-content\/uploads\/2017\/02\/DSC03881-e1487935645986.jpg'><img width=\"400\" height=\"266\" src=\"https:\/\/montessori-halle.de\/cms\/wp-content\/uploads\/2017\/02\/DSC03881-400x266.jpg\" class=\"attachment-medium size-medium\" alt=\"\" loading=\"lazy\" srcset=\"https:\/\/montessori-halle.de\/cms\/wp-content\/uploads\/2017\/02\/DSC03881-400x266.jpg 400w, https:\/\/montessori-halle.de\/cms\/wp-content\/uploads\/2017\/02\/DSC03881-1024x682.jpg 1024w, https:\/\/montessori-halle.de\/cms\/wp-content\/uploads\/2017\/02\/DSC03881-177x118.jpg 177w, https:\/\/montessori-halle.de\/cms\/wp-content\/uploads\/2017\/02\/DSC03881-e1487935645986.jpg 1920w\" sizes=\"(max-width: 400px) 100vw, 400px\" \/><\/a>\n\t\t\t<\/div><\/figure>\n\t\t<\/div>\n\n","protected":false},"excerpt":{"rendered":"<p>Dieses Freizeitangebot ist eine weitere M\u00f6glichkeit f\u00fcr die Kinder sich kreativ auszuprobieren, indem sie alles zeichnen k\u00f6nnen was ihnen in den Sinn kommt. Sie k\u00f6nnen dabei aber nicht nur malen sonder auch mit Steckperlen oder Fotos arbeiten und so ihrer Fantasie freien Lauf lassen. Die AG findet w\u00f6chentlich 13:30 Uhr am Mittwoch statt und wird&#8230;<\/p>\n","protected":false},"author":2,"featured_media":0,"parent":55,"menu_order":0,"comment_status":"closed","ping_status":"closed","template":"","meta":[],"_links":{"self":[{"href":"https:\/\/montessori-halle.de\/cms\/wp-json\/wp\/v2\/pages\/1864"}],"collection":[{"href":"https:\/\/montessori-halle.de\/cms\/wp-json\/wp\/v2\/pages"}],"about":[{"href":"https:\/\/montessori-halle.de\/cms\/wp-json\/wp\/v2\/types\/page"}],"author":[{"embeddable":true,"href":"https:\/\/montessori-halle.de\/cms\/wp-json\/wp\/v2\/users\/2"}],"replies":[{"embeddable":true,"href":"https:\/\/montessori-halle.de\/cms\/wp-json\/wp\/v2\/comments?post=1864"}],"version-history":[{"count":1,"href":"https:\/\/montessori-halle.de\/cms\/wp-json\/wp\/v2\/pages\/1864\/revisions"}],"predecessor-version":[{"id":1865,"href":"https:\/\/montessori-halle.de\/cms\/wp-json\/wp\/v2\/pages\/1864\/revisions\/1865"}],"up":[{"embeddable":true,"href":"https:\/\/montessori-halle.de\/cms\/wp-json\/wp\/v2\/pages\/55"}],"wp:attachment":[{"href":"https:\/\/montessori-halle.de\/cms\/wp-json\/wp\/v2\/media?parent=1864"}],"curies":[{"name":"wp","href":"https:\/\/api.w.org\/{rel}","templated":true}]}}

<p>Dieses Freizeitangebot ist eine weitere Möglichkeit für die Kinder sich kreativ auszuprobieren, indem sie alles zeichnen können was ihnen in den Sinn kommt. Sie können dabei aber nicht nur malen sonder auch mit Steckperlen oder Fotos arbeiten und so ihrer Fantasie freien Lauf lassen.</p>
<p>Die AG findet wöchentlich 13:30 Uhr am Mittwoch statt und wird von Frau Schnelle geleitet.</p>
<div id='gallery-1' class='gallery galleryid-1864 gallery-columns-2 gallery-size-medium'><figure class='gallery-item'>
			<div class='gallery-icon landscape'>
				<a href='https://montessori-halle.de/cms/wp-content/uploads/2017/02/DSC03885-e1487935694390.jpg'><img width="400" height="266" src="https://montessori-halle.de/cms/wp-content/uploads/2017/02/DSC03885-400x266.jpg" class="attachment-medium size-medium" alt="" loading="lazy" srcset="https://montessori-halle.de/cms/wp-content/uploads/2017/02/DSC03885-400x266.jpg 400w, https://montessori-halle.de/cms/wp-content/uploads/2017/02/DSC03885-1024x682.jpg 1024w, https://montessori-halle.de/cms/wp-content/uploads/2017/02/DSC03885-177x118.jpg 177w, https://montessori-halle.de/cms/wp-content/uploads/2017/02/DSC03885-e1487935694390.jpg 1920w" sizes="(max-width: 400px) 100vw, 400px" /></a>
			</div></figure><figure class='gallery-item'>
			<div class='gallery-icon landscape'>
				<a href='https://montessori-halle.de/cms/wp-content/uploads/2017/02/DSC03881-e1487935645986.jpg'><img width="400" height="266" src="https://montessori-halle.de/cms/wp-content/uploads/2017/02/DSC03881-400x266.jpg" class="attachment-medium size-medium" alt="" loading="lazy" srcset="https://montessori-halle.de/cms/wp-content/uploads/2017/02/DSC03881-400x266.jpg 400w, https://montessori-halle.de/cms/wp-content/uploads/2017/02/DSC03881-1024x682.jpg 1024w, https://montessori-halle.de/cms/wp-content/uploads/2017/02/DSC03881-177x118.jpg 177w, https://montessori-halle.de/cms/wp-content/uploads/2017/02/DSC03881-e1487935645986.jpg 1920w" sizes="(max-width: 400px) 100vw, 400px" /></a>
			</div></figure>
		</div>

<p>Dieses Freizeitangebot ist eine weitere Möglichkeit für die Kinder sich kreativ auszuprobieren, indem sie alles zeichnen können was ihnen in den Sinn kommt. Sie können dabei aber nicht nur malen sonder auch mit Steckperlen oder Fotos arbeiten und so ihrer Fantasie freien Lauf lassen. Die AG findet wöchentlich 13:30 Uhr am Mittwoch statt und wird&#8230;</p>
