{"id":196,"date":"2015-12-03T14:12:57","date_gmt":"2015-12-03T13:12:57","guid":{"rendered":"http:\/\/montessori-halle.de\/cms\/?page_id=196"},"modified":"2016-04-08T10:12:00","modified_gmt":"2016-04-08T09:12:00","slug":"comenius-projekt-2009-11","status":"publish","type":"page","link":"https:\/\/montessori-halle.de\/cms\/das-sind-wir\/comenius-projekt-2009-11\/","title":{"rendered":"Comenius-Projekt (2009-11)"},"content":{"rendered":"<p>Das <strong>Comenius-Programm<\/strong> ist ein 1995 eingerichtetes Programm der Europ\u00e4ischen Union mit dem Ziel, die Zusammenarbeit von Schulen aller Schulstufen und Schulformen innerhalb der EU sowie die Mobilit\u00e4t von Sch\u00fclern und Lehrern zu f\u00f6rdern.<br \/>\nNamensgeber ist der P\u00e4dagoge Johann Amos Comenius.<br \/>\nDer forderte schon 1638:<\/p>\n<blockquote><p>\u201eAlles soll wo immer m\u00f6glich den Sinnen vorgef\u00fchrt werden, was sichtbar dem Gesicht, was h\u00f6rbar dem Geh\u00f6r, was riechbar dem Geruch, was f\u00fchlbar dem Tastsinn. Und wenn etwas durch verschiedene Sinne gleichzeitig aufgenommen werden kann, soll es den verschiedenen zugleich vorgesetzt werden. Und weil die Sinne die treusten Sachverwalter des Ged\u00e4chtnisses sind, so wird diese Veranschaulichung der Dinge bewirken, da\u00df jeder das, was er wei\u00df, auch beh\u00e4lt.\u201c<\/p><\/blockquote>\n<p>Wir haben in den Jahren 2009-11 teilgenommen, und in dieser Zeit viele spannende Dinge erlebt und andere L\u00e4nder in der EU besucht.<\/p>\n","protected":false},"excerpt":{"rendered":"<p>Das Comenius-Programm ist ein 1995 eingerichtetes Programm der Europ\u00e4ischen Union mit dem Ziel, die Zusammenarbeit von Schulen aller Schulstufen und Schulformen innerhalb der EU sowie die Mobilit\u00e4t von Sch\u00fclern und Lehrern zu f\u00f6rdern. Namensgeber ist der P\u00e4dagoge Johann Amos Comenius. Der forderte schon 1638: \u201eAlles soll wo immer m\u00f6glich den Sinnen vorgef\u00fchrt werden, was sichtbar&#8230;<\/p>\n","protected":false},"author":2,"featured_media":0,"parent":93,"menu_order":0,"comment_status":"closed","ping_status":"closed","template":"","meta":[],"_links":{"self":[{"href":"https:\/\/montessori-halle.de\/cms\/wp-json\/wp\/v2\/pages\/196"}],"collection":[{"href":"https:\/\/montessori-halle.de\/cms\/wp-json\/wp\/v2\/pages"}],"about":[{"href":"https:\/\/montessori-halle.de\/cms\/wp-json\/wp\/v2\/types\/page"}],"author":[{"embeddable":true,"href":"https:\/\/montessori-halle.de\/cms\/wp-json\/wp\/v2\/users\/2"}],"replies":[{"embeddable":true,"href":"https:\/\/montessori-halle.de\/cms\/wp-json\/wp\/v2\/comments?post=196"}],"version-history":[{"count":5,"href":"https:\/\/montessori-halle.de\/cms\/wp-json\/wp\/v2\/pages\/196\/revisions"}],"predecessor-version":[{"id":1019,"href":"https:\/\/montessori-halle.de\/cms\/wp-json\/wp\/v2\/pages\/196\/revisions\/1019"}],"up":[{"embeddable":true,"href":"https:\/\/montessori-halle.de\/cms\/wp-json\/wp\/v2\/pages\/93"}],"wp:attachment":[{"href":"https:\/\/montessori-halle.de\/cms\/wp-json\/wp\/v2\/media?parent=196"}],"curies":[{"name":"wp","href":"https:\/\/api.w.org\/{rel}","templated":true}]}}

<p>Das <strong>Comenius-Programm</strong> ist ein 1995 eingerichtetes Programm der Europäischen Union mit dem Ziel, die Zusammenarbeit von Schulen aller Schulstufen und Schulformen innerhalb der EU sowie die Mobilität von Schülern und Lehrern zu fördern.<br />
Namensgeber ist der Pädagoge Johann Amos Comenius.<br />
Der forderte schon 1638:</p>
<blockquote><p>„Alles soll wo immer möglich den Sinnen vorgeführt werden, was sichtbar dem Gesicht, was hörbar dem Gehör, was riechbar dem Geruch, was fühlbar dem Tastsinn. Und wenn etwas durch verschiedene Sinne gleichzeitig aufgenommen werden kann, soll es den verschiedenen zugleich vorgesetzt werden. Und weil die Sinne die treusten Sachverwalter des Gedächtnisses sind, so wird diese Veranschaulichung der Dinge bewirken, daß jeder das, was er weiß, auch behält.“</p></blockquote>
<p>Wir haben in den Jahren 2009-11 teilgenommen, und in dieser Zeit viele spannende Dinge erlebt und andere Länder in der EU besucht.</p>

<p>Das Comenius-Programm ist ein 1995 eingerichtetes Programm der Europäischen Union mit dem Ziel, die Zusammenarbeit von Schulen aller Schulstufen und Schulformen innerhalb der EU sowie die Mobilität von Schülern und Lehrern zu fördern. Namensgeber ist der Pädagoge Johann Amos Comenius. Der forderte schon 1638: „Alles soll wo immer möglich den Sinnen vorgeführt werden, was sichtbar&#8230;</p>
