{"id":2178,"date":"2018-12-14T12:56:08","date_gmt":"2018-12-14T11:56:08","guid":{"rendered":"http:\/\/montessori-halle.de\/cms\/?page_id=2178"},"modified":"2026-03-27T08:13:43","modified_gmt":"2026-03-27T07:13:43","slug":"angebote-in-den-ferien","status":"publish","type":"page","link":"https:\/\/montessori-halle.de\/cms\/angebote-in-den-ferien\/","title":{"rendered":"Angebote in den Ferien"},"content":{"rendered":"\n<p><strong><u>ANGEBOTE IN DEN OSTERFERIEN<\/u><\/strong><\/p>\n<p><strong><u>VOM 30.03. BIS 02.04.2026<\/u><\/strong><\/p>\n<p><strong>\u00a0<\/strong><\/p>\n<p><strong>Montag, 30.03.2026<\/strong>\u00a0\u00a0\u00a0\u00a0\u00a0\u00a0\u00a0\u00a0\u00a0\u00a0\u00a0\u00a0\u00a0\u00a0\u00a0<\/p>\n<p>Ein gr\u00fcner Schimmer weit und breit begr\u00fc\u00dft die bunte Osterzeit\u2026 Euch erwarten spannende Oster-geschichten! Vielleicht kennt ihr selbst eine Geschichte, die ihr mitbringen oder uns vortragen m\u00f6chtet!<\/p>\n<p><strong>\u00a0<\/strong><\/p>\n<p><strong>Dienstag, 31.03.2026\u00a0\u00a0\u00a0\u00a0\u00a0\u00a0\u00a0\u00a0\u00a0\u00a0\u00a0\u00a0\u00a0\u00a0 <\/strong><\/p>\n<p>Auf ins Gr\u00fcne &#8211; wir wollen einen kleinen Oster-spaziergang in die Natur mit Picknick unternehmen.<\/p>\n<p>Bittet achtet auf <strong>wetterfeste Kleidung, <\/strong>ggf. eine<strong> Sitzunterlage, Essen und Trinken.<\/strong><\/p>\n<p><strong>Wir sind sp\u00e4testens 13.00 Uhr zum Mittagessen wieder in der Schule.<\/strong><\/p>\n<p><strong>\u00a0<\/strong><\/p>\n<p><strong>Mittwoch, 01.04.2026\u00a0\u00a0\u00a0\u00a0\u00a0\u00a0\u00a0\u00a0\u00a0\u00a0\u00a0\u00a0\u00a0 <\/strong><\/p>\n<p>In der Osterwerkstatt k\u00f6nnt ihr kleine Oster\u00fcberraschungen basteln oder eine Sonnenblume s\u00e4en.\u00a0\u00a0<\/p>\n<p>\u00a0<\/p>\n<p><strong>Donnerstag, 02.04.2026\u00a0\u00a0\u00a0\u00a0\u00a0\u00a0\u00a0\u00a0\u00a0 <\/strong><\/p>\n<p>Am Ende der Ferien m\u00f6chten wir die Osterausstellung in der Residenz besuchen.<\/p>\n<p>\u00a0<\/p>\n<p>Und dann geht es in ein langes Osterwochenende. Wir w\u00fcnschen euch wundervolle Osterfeiertage!<\/p>\n<p>\u00a0<\/p>\n<p>Liebe Kinder und liebe Eltern,<\/p>\n<p>wir hoffen, dass das Ferienprogramm den Kindern, die den Hort besuchen werden, auch gef\u00e4llt. Falls ein Kind, das angemeldet ist, nicht in den Hort kommt, ben\u00f6tigen wir unbedingt Bescheid. Das Angebot gilt <strong>verbindlich<\/strong> f\u00fcr alle angemeldeten Kinder und anfallende Kosten werden vom Konto abgebucht.<\/p>\n<p>Bitte seid <strong>an allen Tagen bis 9.00 Uhr im Hort.<\/strong> Unsere \u00d6ffnungszeiten sind von <strong>7.30 bis 16.30 Uhr<\/strong>. Falls noch Fragen sind, wendet Euch \/ wenden Sie sich bitte an uns Erzieher: innen.<\/p>\n<p>Wir w\u00fcnschen allen sch\u00f6ne Ferien<\/p>\n<p>das Erzieherteam<\/p>\n<p>\u00a0<\/p>\n<p>\u00a0<\/p>\n<p>\u00a0<\/p>\n<p>\u00a0<\/p>\n<p>\u00a0<\/p>\n","protected":false},"excerpt":{"rendered":"<p>ANGEBOTE IN DEN OSTERFERIEN VOM 30.03. BIS 02.04.2026 \u00a0 Montag, 30.03.2026\u00a0\u00a0\u00a0\u00a0\u00a0\u00a0\u00a0\u00a0\u00a0\u00a0\u00a0\u00a0\u00a0\u00a0\u00a0 Ein gr\u00fcner Schimmer weit und breit begr\u00fc\u00dft die bunte Osterzeit\u2026 Euch erwarten spannende Oster-geschichten! Vielleicht kennt ihr selbst eine Geschichte, die ihr mitbringen oder uns vortragen m\u00f6chtet! \u00a0 Dienstag, 31.03.2026\u00a0\u00a0\u00a0\u00a0\u00a0\u00a0\u00a0\u00a0\u00a0\u00a0\u00a0\u00a0\u00a0\u00a0 Auf ins Gr\u00fcne &#8211; wir wollen einen kleinen Oster-spaziergang in die Natur mit Picknick&#8230;<\/p>\n","protected":false},"author":4,"featured_media":0,"parent":0,"menu_order":0,"comment_status":"closed","ping_status":"closed","template":"","meta":[],"_links":{"self":[{"href":"https:\/\/montessori-halle.de\/cms\/wp-json\/wp\/v2\/pages\/2178"}],"collection":[{"href":"https:\/\/montessori-halle.de\/cms\/wp-json\/wp\/v2\/pages"}],"about":[{"href":"https:\/\/montessori-halle.de\/cms\/wp-json\/wp\/v2\/types\/page"}],"author":[{"embeddable":true,"href":"https:\/\/montessori-halle.de\/cms\/wp-json\/wp\/v2\/users\/4"}],"replies":[{"embeddable":true,"href":"https:\/\/montessori-halle.de\/cms\/wp-json\/wp\/v2\/comments?post=2178"}],"version-history":[{"count":9,"href":"https:\/\/montessori-halle.de\/cms\/wp-json\/wp\/v2\/pages\/2178\/revisions"}],"predecessor-version":[{"id":3296,"href":"https:\/\/montessori-halle.de\/cms\/wp-json\/wp\/v2\/pages\/2178\/revisions\/3296"}],"wp:attachment":[{"href":"https:\/\/montessori-halle.de\/cms\/wp-json\/wp\/v2\/media?parent=2178"}],"curies":[{"name":"wp","href":"https:\/\/api.w.org\/{rel}","templated":true}]}}