{"id":221,"date":"2015-12-03T14:53:45","date_gmt":"2015-12-03T13:53:45","guid":{"rendered":"http:\/\/montessori-halle.de\/cms\/?page_id=221"},"modified":"2016-03-14T10:55:36","modified_gmt":"2016-03-14T09:55:36","slug":"theaterauffuehrung-petit","status":"publish","type":"page","link":"https:\/\/montessori-halle.de\/cms\/das-sind-wir\/comenius-projekt-2009-11\/theaterauffuehrung-petit\/","title":{"rendered":"Theaterauff\u00fchrung &#8222;Petit&#8220;"},"content":{"rendered":"<div class=\"su-row\"><div class=\"su-column su-column-size-2-3\"><div class=\"su-column-inner su-u-clearfix su-u-trim\">&#8230;mit Premiere am 22.04.2009<br \/>\nIm Rahmen des Sch\u00fcleraustauschprogrammes besch\u00e4ftigen sich die Sch\u00fcler innerhalb bestimmter Unterrichtseinheiten und verschiedener Schulprojekte mit der Landeskultur der franz\u00f6sischen und schwedischen Partner, sowie der eigenen Regionalkultur. Dar\u00fcber hinaus wird mit Hilfe der kooperierenden Theater in den jeweiligen L\u00e4ndern zeitgen\u00f6ssische Kinderliteratur der Partner inszeniert und k\u00fcnstlerisch repr\u00e4sentiert. Durch Schauspieltraining und regelm\u00e4\u00dfige Workshoparbeit mit dem Schauspieler Jonas Littauer wurden die Kinder an die Umsetzung der literarischen Vorlage des franz\u00f6sischen St\u00fcckes &#8222;Petit&#8220; herangef\u00fchrt.<br \/>\nUnter der Regie von Jonas Littauer (Thalia Theater) hat die Comenius Theatergruppe das franz\u00f6sische St\u00fcck &#8222;Petit&#8220; (&#8222;Kleiner&#8220;) einstudiert und lud nun herzlich zur Premiere ein.<\/div><\/div>\n<div class=\"su-column su-column-size-1-3\"><div class=\"su-column-inner su-u-clearfix su-u-trim\"><figure id=\"attachment_222\" aria-describedby=\"caption-attachment-222\" style=\"width: 538px\" class=\"wp-caption aligncenter\"><a href=\"https:\/\/montessori-halle.de\/cms\/wp-content\/uploads\/2015\/12\/10_367_LDTo2KEjmu.jpg\"><img loading=\"lazy\" class=\"size-full wp-image-222\" src=\"https:\/\/montessori-halle.de\/cms\/wp-content\/uploads\/2015\/12\/10_367_LDTo2KEjmu.jpg\" alt=\"Musik und Regie - Jonas Littauer\" width=\"538\" height=\"403\" srcset=\"https:\/\/montessori-halle.de\/cms\/wp-content\/uploads\/2015\/12\/10_367_LDTo2KEjmu.jpg 538w, https:\/\/montessori-halle.de\/cms\/wp-content\/uploads\/2015\/12\/10_367_LDTo2KEjmu-400x300.jpg 400w\" sizes=\"(max-width: 538px) 100vw, 538px\" \/><\/a><figcaption id=\"caption-attachment-222\" class=\"wp-caption-text\">Musik und Regie &#8211; Jonas Littauer<\/figcaption><\/figure>\n<\/div><\/div>\n<\/div>\n","protected":false},"excerpt":{"rendered":"","protected":false},"author":2,"featured_media":0,"parent":196,"menu_order":0,"comment_status":"closed","ping_status":"closed","template":"","meta":[],"_links":{"self":[{"href":"https:\/\/montessori-halle.de\/cms\/wp-json\/wp\/v2\/pages\/221"}],"collection":[{"href":"https:\/\/montessori-halle.de\/cms\/wp-json\/wp\/v2\/pages"}],"about":[{"href":"https:\/\/montessori-halle.de\/cms\/wp-json\/wp\/v2\/types\/page"}],"author":[{"embeddable":true,"href":"https:\/\/montessori-halle.de\/cms\/wp-json\/wp\/v2\/users\/2"}],"replies":[{"embeddable":true,"href":"https:\/\/montessori-halle.de\/cms\/wp-json\/wp\/v2\/comments?post=221"}],"version-history":[{"count":3,"href":"https:\/\/montessori-halle.de\/cms\/wp-json\/wp\/v2\/pages\/221\/revisions"}],"predecessor-version":[{"id":774,"href":"https:\/\/montessori-halle.de\/cms\/wp-json\/wp\/v2\/pages\/221\/revisions\/774"}],"up":[{"embeddable":true,"href":"https:\/\/montessori-halle.de\/cms\/wp-json\/wp\/v2\/pages\/196"}],"wp:attachment":[{"href":"https:\/\/montessori-halle.de\/cms\/wp-json\/wp\/v2\/media?parent=221"}],"curies":[{"name":"wp","href":"https:\/\/api.w.org\/{rel}","templated":true}]}}