{"id":241,"date":"2015-12-04T12:28:51","date_gmt":"2015-12-04T11:28:51","guid":{"rendered":"http:\/\/montessori-halle.de\/cms\/?page_id=241"},"modified":"2016-03-16T11:18:20","modified_gmt":"2016-03-16T10:18:20","slug":"medien-ueber-uns","status":"publish","type":"page","link":"https:\/\/montessori-halle.de\/cms\/schule\/medien-ueber-uns\/","title":{"rendered":"Medien \u00fcber uns"},"content":{"rendered":"<p><a href=\"https:\/\/montessori-halle.de\/cms\/das-sind-wir\/medien-ueber-uns\/presse\/\">Presse<\/a><\/p>\n<p>Die vielf\u00e4ltige Arbeit der Schule und ihre Ausstrahlung in die \u00d6ffentlichkeit findet nat\u00fcrlich auch Niederschlag im Echo der Medien. Hier ein paar Beispiele. <a href=\"https:\/\/montessori-halle.de\/cms\/das-sind-wir\/medien-ueber-uns\/presse\/\">\u00bb\u00a0mehr\u00a0lesen<\/a><\/p>\n<p><a href=\"https:\/\/montessori-halle.de\/cms\/das-sind-wir\/medien-ueber-uns\/radio-und-fernsehen\/\">Radio und Fernsehen<\/a><\/p>\n<p>Auch in den elektronischen Medien war die Montessori-Schule Halle und ihr Projekt &#8222;Haus der Generationen&#8220; Thema. Hier finden Sie einige Ausschnitte. <a href=\"https:\/\/montessori-halle.de\/cms\/das-sind-wir\/medien-ueber-uns\/radio-und-fernsehen\/\">\u00bb\u00a0mehr\u00a0lesen<\/a><\/p>\n<p><a href=\"https:\/\/montessori-halle.de\/cms\/schule\/medien-ueber-uns\/interview-bei-radio-corax\/\">Interview bei Radio Corax<\/a><\/p>\n<p>Im Jahr 2007 gab die Gesch\u00e4ftsf\u00fchrerin ein Interview bei Radio Corax. Hier ging\u00a0es um den Umzug und um ganz allgemeine Fragen zur Montessori P\u00e4dagogik.<\/p>\n<p><span class=\"articleList_toptext\"><a href=\"https:\/\/montessori-halle.de\/cms\/schule\/medien-ueber-uns\/interview-bei-radio-corax\/\">\u00bb\u00a0mehr\u00a0lesen<\/a><\/span><\/p>\n<p><a href=\"https:\/\/montessori-halle.de\/cms\/das-sind-wir\/medien-ueber-uns\/stuetzstruempfe-und-zuckertueten\/\">St\u00fctzstr\u00fcmpfe und Zuckert\u00fcten<\/a><\/p>\n<p>&#8211; ein Haus der Generationen <a href=\"https:\/\/montessori-halle.de\/cms\/das-sind-wir\/medien-ueber-uns\/stuetzstruempfe-und-zuckertueten\/\">\u00bb\u00a0mehr\u00a0lesen<\/a><\/p>\n","protected":false},"excerpt":{"rendered":"<p>Presse Die vielf\u00e4ltige Arbeit der Schule und ihre Ausstrahlung in die \u00d6ffentlichkeit findet nat\u00fcrlich auch Niederschlag im Echo der Medien. Hier ein paar Beispiele. \u00bb\u00a0mehr\u00a0lesen Radio und Fernsehen Auch in den elektronischen Medien war die Montessori-Schule Halle und ihr Projekt &#8222;Haus der Generationen&#8220; Thema. Hier finden Sie einige Ausschnitte. \u00bb\u00a0mehr\u00a0lesen Interview bei Radio Corax Im&#8230;<\/p>\n","protected":false},"author":2,"featured_media":0,"parent":5,"menu_order":0,"comment_status":"closed","ping_status":"closed","template":"","meta":[],"_links":{"self":[{"href":"https:\/\/montessori-halle.de\/cms\/wp-json\/wp\/v2\/pages\/241"}],"collection":[{"href":"https:\/\/montessori-halle.de\/cms\/wp-json\/wp\/v2\/pages"}],"about":[{"href":"https:\/\/montessori-halle.de\/cms\/wp-json\/wp\/v2\/types\/page"}],"author":[{"embeddable":true,"href":"https:\/\/montessori-halle.de\/cms\/wp-json\/wp\/v2\/users\/2"}],"replies":[{"embeddable":true,"href":"https:\/\/montessori-halle.de\/cms\/wp-json\/wp\/v2\/comments?post=241"}],"version-history":[{"count":6,"href":"https:\/\/montessori-halle.de\/cms\/wp-json\/wp\/v2\/pages\/241\/revisions"}],"predecessor-version":[{"id":858,"href":"https:\/\/montessori-halle.de\/cms\/wp-json\/wp\/v2\/pages\/241\/revisions\/858"}],"up":[{"embeddable":true,"href":"https:\/\/montessori-halle.de\/cms\/wp-json\/wp\/v2\/pages\/5"}],"wp:attachment":[{"href":"https:\/\/montessori-halle.de\/cms\/wp-json\/wp\/v2\/media?parent=241"}],"curies":[{"name":"wp","href":"https:\/\/api.w.org\/{rel}","templated":true}]}}

Medien über uns

<p><a href="https://montessori-halle.de/cms/das-sind-wir/medien-ueber-uns/presse/">Presse</a></p>
<p>Die vielfältige Arbeit der Schule und ihre Ausstrahlung in die Öffentlichkeit findet natürlich auch Niederschlag im Echo der Medien. Hier ein paar Beispiele. <a href="https://montessori-halle.de/cms/das-sind-wir/medien-ueber-uns/presse/">» mehr lesen</a></p>
<p><a href="https://montessori-halle.de/cms/das-sind-wir/medien-ueber-uns/radio-und-fernsehen/">Radio und Fernsehen</a></p>
<p>Auch in den elektronischen Medien war die Montessori-Schule Halle und ihr Projekt &#8222;Haus der Generationen&#8220; Thema. Hier finden Sie einige Ausschnitte. <a href="https://montessori-halle.de/cms/das-sind-wir/medien-ueber-uns/radio-und-fernsehen/">» mehr lesen</a></p>
<p><a href="https://montessori-halle.de/cms/schule/medien-ueber-uns/interview-bei-radio-corax/">Interview bei Radio Corax</a></p>
<p>Im Jahr 2007 gab die Geschäftsführerin ein Interview bei Radio Corax. Hier ging es um den Umzug und um ganz allgemeine Fragen zur Montessori Pädagogik.</p>
<p><span class="articleList_toptext"><a href="https://montessori-halle.de/cms/schule/medien-ueber-uns/interview-bei-radio-corax/">» mehr lesen</a></span></p>
<p><a href="https://montessori-halle.de/cms/das-sind-wir/medien-ueber-uns/stuetzstruempfe-und-zuckertueten/">Stützstrümpfe und Zuckertüten</a></p>
<p>&#8211; ein Haus der Generationen <a href="https://montessori-halle.de/cms/das-sind-wir/medien-ueber-uns/stuetzstruempfe-und-zuckertueten/">» mehr lesen</a></p>

<p>Presse Die vielfältige Arbeit der Schule und ihre Ausstrahlung in die Öffentlichkeit findet natürlich auch Niederschlag im Echo der Medien. Hier ein paar Beispiele. » mehr lesen Radio und Fernsehen Auch in den elektronischen Medien war die Montessori-Schule Halle und ihr Projekt &#8222;Haus der Generationen&#8220; Thema. Hier finden Sie einige Ausschnitte. » mehr lesen Interview bei Radio Corax Im&#8230;</p>
