{"id":278,"date":"2015-12-07T08:11:16","date_gmt":"2015-12-07T07:11:16","guid":{"rendered":"http:\/\/montessori-halle.de\/cms\/?page_id=278"},"modified":"2015-12-07T08:11:16","modified_gmt":"2015-12-07T07:11:16","slug":"stuetzstruempfe-und-zuckertueten","status":"publish","type":"page","link":"https:\/\/montessori-halle.de\/cms\/schule\/medien-ueber-uns\/stuetzstruempfe-und-zuckertueten\/","title":{"rendered":"St\u00fctzstr\u00fcmpfe und Zuckert\u00fcten"},"content":{"rendered":"<p><span style=\"font-size: normal;\">Am 25.06.2008 lief im MDR Fernsehen ein toller Film \u00fcber unser Haus der Generationen. Wer Interesse hat, kann sich diesen Film in der Gesch\u00e4ftstelle ausleihen bzw. ansehen.<\/span><\/p>\n","protected":false},"excerpt":{"rendered":"<p>Am 25.06.2008 lief im MDR Fernsehen ein toller Film \u00fcber unser Haus der Generationen. Wer Interesse hat, kann sich diesen Film in der Gesch\u00e4ftstelle ausleihen bzw. ansehen.<\/p>\n","protected":false},"author":2,"featured_media":0,"parent":241,"menu_order":0,"comment_status":"closed","ping_status":"closed","template":"","meta":[],"_links":{"self":[{"href":"https:\/\/montessori-halle.de\/cms\/wp-json\/wp\/v2\/pages\/278"}],"collection":[{"href":"https:\/\/montessori-halle.de\/cms\/wp-json\/wp\/v2\/pages"}],"about":[{"href":"https:\/\/montessori-halle.de\/cms\/wp-json\/wp\/v2\/types\/page"}],"author":[{"embeddable":true,"href":"https:\/\/montessori-halle.de\/cms\/wp-json\/wp\/v2\/users\/2"}],"replies":[{"embeddable":true,"href":"https:\/\/montessori-halle.de\/cms\/wp-json\/wp\/v2\/comments?post=278"}],"version-history":[{"count":1,"href":"https:\/\/montessori-halle.de\/cms\/wp-json\/wp\/v2\/pages\/278\/revisions"}],"predecessor-version":[{"id":279,"href":"https:\/\/montessori-halle.de\/cms\/wp-json\/wp\/v2\/pages\/278\/revisions\/279"}],"up":[{"embeddable":true,"href":"https:\/\/montessori-halle.de\/cms\/wp-json\/wp\/v2\/pages\/241"}],"wp:attachment":[{"href":"https:\/\/montessori-halle.de\/cms\/wp-json\/wp\/v2\/media?parent=278"}],"curies":[{"name":"wp","href":"https:\/\/api.w.org\/{rel}","templated":true}]}}