{"id":290,"date":"2015-12-07T08:30:08","date_gmt":"2015-12-07T07:30:08","guid":{"rendered":"http:\/\/montessori-halle.de\/cms\/?page_id=290"},"modified":"2015-12-07T08:30:08","modified_gmt":"2015-12-07T07:30:08","slug":"land-der-ideen","status":"publish","type":"page","link":"https:\/\/montessori-halle.de\/cms\/das-sind-wir\/land-der-ideen\/","title":{"rendered":"Land der Ideen"},"content":{"rendered":"<p><span style=\"font-size: normal;\">Das Haus der Generationen wurde 2006 unter mehr als 1200 Bewerbern der ersten Runde der Bundesinitiative \u201eDeutschland. Land der Ideen\u201c als einer von 365 Orten ausgew\u00e4hlt. Neben\u00a0unserem Projekt\u00a0waren in Sachsen-Anhalt weitere 13 Preistr\u00e4ger dabei.<\/span><\/p>\n<p>Unter Schirmherrschaft von Bundespr\u00e4sident Horst K\u00f6hler repr\u00e4sentierten die 365 Orte im Jahr der Fu\u00dfballweltmeisterschaft 2006 die kulturellen, sozialen, wissenschaftlichen und wirtschaftlichen Ideen und Visionen Deutschlands.<\/p>\n<p>&nbsp;<\/p>\n<p><strong><span class=\"contentHead\">Link zum Artikel auf der Webseite &#8222;Land der Ideen&#8220;<\/span><\/strong><\/p>\n<p><a href=\"https:\/\/www.land-der-ideen.de\/365-orte\/preistraeger\/franckesche-stiftungen-zu-halle\">https:\/\/www.land-der-ideen.de\/365-orte\/preistraeger\/franckesche-stiftungen-zu-halle<\/a><\/p>\n<p>&nbsp;<\/p>\n","protected":false},"excerpt":{"rendered":"<p>Das Haus der Generationen wurde 2006 unter mehr als 1200 Bewerbern der ersten Runde der Bundesinitiative \u201eDeutschland. Land der Ideen\u201c als einer von 365 Orten ausgew\u00e4hlt. Neben\u00a0unserem Projekt\u00a0waren in Sachsen-Anhalt weitere 13 Preistr\u00e4ger dabei. Unter Schirmherrschaft von Bundespr\u00e4sident Horst K\u00f6hler repr\u00e4sentierten die 365 Orte im Jahr der Fu\u00dfballweltmeisterschaft 2006 die kulturellen, sozialen, wissenschaftlichen und wirtschaftlichen&#8230;<\/p>\n","protected":false},"author":2,"featured_media":0,"parent":93,"menu_order":0,"comment_status":"closed","ping_status":"closed","template":"","meta":[],"_links":{"self":[{"href":"https:\/\/montessori-halle.de\/cms\/wp-json\/wp\/v2\/pages\/290"}],"collection":[{"href":"https:\/\/montessori-halle.de\/cms\/wp-json\/wp\/v2\/pages"}],"about":[{"href":"https:\/\/montessori-halle.de\/cms\/wp-json\/wp\/v2\/types\/page"}],"author":[{"embeddable":true,"href":"https:\/\/montessori-halle.de\/cms\/wp-json\/wp\/v2\/users\/2"}],"replies":[{"embeddable":true,"href":"https:\/\/montessori-halle.de\/cms\/wp-json\/wp\/v2\/comments?post=290"}],"version-history":[{"count":2,"href":"https:\/\/montessori-halle.de\/cms\/wp-json\/wp\/v2\/pages\/290\/revisions"}],"predecessor-version":[{"id":292,"href":"https:\/\/montessori-halle.de\/cms\/wp-json\/wp\/v2\/pages\/290\/revisions\/292"}],"up":[{"embeddable":true,"href":"https:\/\/montessori-halle.de\/cms\/wp-json\/wp\/v2\/pages\/93"}],"wp:attachment":[{"href":"https:\/\/montessori-halle.de\/cms\/wp-json\/wp\/v2\/media?parent=290"}],"curies":[{"name":"wp","href":"https:\/\/api.w.org\/{rel}","templated":true}]}}