{"id":855,"date":"2016-03-16T11:12:36","date_gmt":"2016-03-16T10:12:36","guid":{"rendered":"http:\/\/montessori-halle.de\/cms\/?page_id=855"},"modified":"2016-03-16T11:12:36","modified_gmt":"2016-03-16T10:12:36","slug":"interview-bei-radio-corax","status":"publish","type":"page","link":"https:\/\/montessori-halle.de\/cms\/schule\/medien-ueber-uns\/interview-bei-radio-corax\/","title":{"rendered":"Interview bei Radio Corax"},"content":{"rendered":"<p>Im Jahr 2007 gab die Gesch\u00e4ftsf\u00fchrerin ein Interview bei Radio Corax. Hier ging es um den Umzug und um ganz allgemeine Fragen zur Montessori P\u00e4dagogik.<\/p>\n<p><strong>Hier k\u00f6nnen Sie das Interview h\u00f6ren (11 Minuten)<\/strong><br \/>\n<a href=\"https:\/\/montessori-halle.de\/cms\/wp-content\/uploads\/2016\/03\/Interview_MontessouriSchule_Halle_2007-09-10.mp3\">Interview Montessorischule Halle<\/a><\/p>\n","protected":false},"excerpt":{"rendered":"<p>Im Jahr 2007 gab die Gesch\u00e4ftsf\u00fchrerin ein Interview bei Radio Corax. Hier ging es um den Umzug und um ganz allgemeine Fragen zur Montessori P\u00e4dagogik. Hier k\u00f6nnen Sie das Interview h\u00f6ren (11 Minuten) Interview Montessorischule Halle<\/p>\n","protected":false},"author":2,"featured_media":0,"parent":241,"menu_order":0,"comment_status":"closed","ping_status":"closed","template":"","meta":[],"_links":{"self":[{"href":"https:\/\/montessori-halle.de\/cms\/wp-json\/wp\/v2\/pages\/855"}],"collection":[{"href":"https:\/\/montessori-halle.de\/cms\/wp-json\/wp\/v2\/pages"}],"about":[{"href":"https:\/\/montessori-halle.de\/cms\/wp-json\/wp\/v2\/types\/page"}],"author":[{"embeddable":true,"href":"https:\/\/montessori-halle.de\/cms\/wp-json\/wp\/v2\/users\/2"}],"replies":[{"embeddable":true,"href":"https:\/\/montessori-halle.de\/cms\/wp-json\/wp\/v2\/comments?post=855"}],"version-history":[{"count":1,"href":"https:\/\/montessori-halle.de\/cms\/wp-json\/wp\/v2\/pages\/855\/revisions"}],"predecessor-version":[{"id":857,"href":"https:\/\/montessori-halle.de\/cms\/wp-json\/wp\/v2\/pages\/855\/revisions\/857"}],"up":[{"embeddable":true,"href":"https:\/\/montessori-halle.de\/cms\/wp-json\/wp\/v2\/pages\/241"}],"wp:attachment":[{"href":"https:\/\/montessori-halle.de\/cms\/wp-json\/wp\/v2\/media?parent=855"}],"curies":[{"name":"wp","href":"https:\/\/api.w.org\/{rel}","templated":true}]}}

<p>Im Jahr 2007 gab die Geschäftsführerin ein Interview bei Radio Corax. Hier ging es um den Umzug und um ganz allgemeine Fragen zur Montessori Pädagogik.</p>
<p><strong>Hier können Sie das Interview hören (11 Minuten)</strong><br />
<a href="https://montessori-halle.de/cms/wp-content/uploads/2016/03/Interview_MontessouriSchule_Halle_2007-09-10.mp3">Interview Montessorischule Halle</a></p>

<p>Im Jahr 2007 gab die Geschäftsführerin ein Interview bei Radio Corax. Hier ging es um den Umzug und um ganz allgemeine Fragen zur Montessori Pädagogik. Hier können Sie das Interview hören (11 Minuten) Interview Montessorischule Halle</p>
