{"id":899,"date":"2016-03-17T09:50:36","date_gmt":"2016-03-17T08:50:36","guid":{"rendered":"http:\/\/montessori-halle.de\/cms\/?page_id=899"},"modified":"2025-02-03T08:51:03","modified_gmt":"2025-02-03T07:51:03","slug":"impressum","status":"publish","type":"page","link":"https:\/\/montessori-halle.de\/cms\/impressum\/","title":{"rendered":"Impressum"},"content":{"rendered":"<p>(Angaben gem\u00e4\u00df \u00a7 5 TMG)<\/p>\n<p>Montessori-Gesellschaft Halle e. V.<br \/>\nFranckeplatz 1, Haus 19<br \/>\n06110 Halle (Saale)<\/p>\n<p>vertreten durch den Vorstand<br \/>\ndieser wiederum gemeinschaftlich vertreten durch<br \/>\nden Vorstandsvorsitzenden Wolfgang Kreser und<br \/>\ndie stellvertretenden Vorstandsvorsitzende Dr. Anke Piechotta<\/p>\n<p>Kontakt<br \/>\nTelefon: 0345 \/ 977 24 70<br \/>\nTelefax: 0345 \/ 977 24 71<br \/>\nE-Mail: verein(at)montessori-halle.de<br \/>\nRegistergericht<br \/>\neingetragen im Vereinsregister des Amtsgerichts Stendal, Registernummer 20597<\/p>\n<p>Aufsichtsbeh\u00f6rde<br \/>\nKultusministerium des Landes Sachsen-Anhalt, Turmschanzenstr. 32, 39114 Magdeburg<\/p>\n<p>Verantwortlich f\u00fcr den Inhalt nach \u00a7 55 Abs. 2 RStV<br \/>\nWolfgang kreser<br \/>\nFranckeplatz 1, Haus 19<br \/>\n06110 Halle (Saale)<br \/>\nverein(at)montessori-halle.de<\/p>\n<p>Umsetzung, technische Betreuung und CMS<br \/>\nOligoform GbR<\/p>\n<p>E-Mail: <a href=\"javascript:DeCryptX('3p2q2p1u1f3v1t3r0r1j2B3r2n2k1h1p1g3r1s1n312e1p3p')\">m&#111;nt&#101;s&#115;&#111;r&#105;&#64;oli&#103;&#111;&#102;o&#114;&#109;.co&#109;<\/a><br \/>\nWeb: www.oligoform.com<\/p>\n<p>Haftungsausschluss<br \/>\nHaftung f\u00fcr Inhalte<\/p>\n<p>Die Inhalte unserer Seiten wurden mit gr\u00f6\u00dfter Sorgfalt erstellt. F\u00fcr die Richtigkeit, Vollst\u00e4ndigkeit und Aktualit\u00e4t der Inhalte k\u00f6nnen wir jedoch keine Gew\u00e4hr \u00fcbernehmen. Als Diensteanbieter sind wir gem\u00e4\u00df \u00a7 7 Abs.1 TMG f\u00fcr eigene Inhalte auf diesen Seiten nach den allgemeinen Gesetzen verantwortlich. Nach \u00a7\u00a7 8 bis 10 TMG sind wir als Diensteanbieter jedoch nicht verpflichtet, \u00fcbermittelte oder gespeicherte fremde Informationen zu \u00fcberwachen oder nach Umst\u00e4nden zu forschen, die auf eine rechtswidrige T\u00e4tigkeit hinweisen. Verpflichtungen zur Entfernung oder Sperrung der Nutzung von Informationen nach den allgemeinen Gesetzen bleiben hiervon unber\u00fchrt. Eine diesbez\u00fcgliche Haftung ist jedoch erst ab dem Zeitpunkt der Kenntnis einer konkreten Rechtsverletzung m\u00f6glich. Bei Bekannt werden von entsprechenden Rechtsverletzungen werden wir diese Inhalte umgehend entfernen.<\/p>\n<p>Haftung f\u00fcr Links<\/p>\n<p>Unser Angebot enth\u00e4lt Links zu externen Webseiten Dritter, auf deren Inhalte wir keinen Einfluss haben. Deshalb k\u00f6nnen wir f\u00fcr diese fremden Inhalte auch keine Gew\u00e4hr \u00fcbernehmen. F\u00fcr die Inhalte der verlinkten Seiten ist stets der jeweilige Anbieter oder Betreiber der Seiten verantwortlich. Die verlinkten Seiten wurden zum Zeitpunkt der Verlinkung auf m\u00f6gliche Rechtsverst\u00f6\u00dfe \u00fcberpr\u00fcft. Rechtswidrige Inhalte waren zum Zeitpunkt der Verlinkung nicht erkennbar. Eine permanente inhaltliche Kontrolle der verlinkten Seiten ist jedoch ohne konkrete Anhaltspunkte einer Rechtsverletzung nicht zumutbar. Bei Bekannt werden von Rechtsverletzungen werden wir derartige Links umgehend entfernen.<\/p>\n<p>Die durch die Seitenbetreiber erstellten Inhalte und Werke auf diesen Seiten unterliegen dem deutschen Urheberrecht. Die Vervielf\u00e4ltigung, Bearbeitung, Verbreitung und jede Art der Verwertung au\u00dferhalb der Grenzen des Urheberrechtes bed\u00fcrfen der schriftlichen Zustimmung des jeweiligen Autors bzw. Erstellers. Downloads und Kopien dieser Seite sind nur f\u00fcr den privaten, nicht kommerziellen Gebrauch gestattet. Soweit die Inhalte auf dieser Seite nicht vom Betreiber erstellt wurden, werden die Urheberrechte Dritter beachtet. Insbesondere werden Inhalte Dritter als solche gekennzeichnet. Sollten Sie trotzdem auf eine Urheberrechtsverletzung aufmerksam werden, bitten wir um einen entsprechenden Hinweis. Bei Bekannt werden von Rechtsverletzungen werden wir derartige Inhalte umgehend entfernen.<\/p>\n<p>EU-Streitschlichtung<br \/>\nDie Europ\u00e4ische Plattform zur Online-Streitbeilegung (\u201eOS-Plattform\u201c) wird gem\u00e4\u00df der Verordnung (EU) 2024\/3228 zum 20. Juli 2025 eingestellt.<br \/>\nDer letzte Termin f\u00fcr die Einreichung neuer Beschwerden ist der 20. M\u00e4rz 2025. Bereits eingereichte Beschwerden k\u00f6nnen noch bis zum 19. Juli 2025 \u00fcber die Plattform bearbeitet werden. Ab dem 20. Juli 2025 wird die Plattform endg\u00fcltig abgeschaltet, und alle gespeicherten Nutzerdaten werden gel\u00f6scht.<br \/>\nWeitere Informationen zur Abschaltung sowie alternative Streitbeilegungsstellen finden Sie auf der Website der Europ\u00e4ischen Kommission: https:\/\/ec.europa.eu\/consumers\/odr<br \/>\nSollten Sie vor dem 19. Juli 2025 noch Daten aus der Plattform abrufen m\u00fcssen oder auf Probleme sto\u00dfen, k\u00f6nnen Sie sich an die Europ\u00e4ische Kommission unter folgender E-Mail-Adresse wenden: <a href=\"javascript:DeCryptX('2L2W3V2V1.3H1D1.2Q2F2T2\/3U3H3S1F3D1M3C1f3f202g3x2t1p1q1b202g1v')\">J&#85;S&#84;-E&#67;-O&#68;R&#45;REPEAL&#64;&#101;&#99;&#46;euro&#112;a&#46;&#101;&#117;<\/a><br \/>\nVerbraucherstreitbeilegung\/Universalschlichtungsstelle<br \/>\nWir sind nicht bereit oder verpflichtet, an Streitbeilegungsverfahren vor einer Verbraucherschlichtungsstelle teilzunehmen.<\/p>\n<p>Das Impressum gilt f\u00fcr die Internetpr\u00e4senz unter den Adressen:<br \/>\nwww.montessori-halle.de, f\u00fcr Instagram https:\/\/www.instagram.com\/MontessorischuleHalle und f\u00fcr unsere Facebookseite https:\/\/www.facebook.com\/MontessorischuleHalle<\/p>\n","protected":false},"excerpt":{"rendered":"<p>(Angaben gem\u00e4\u00df \u00a7 5 TMG) Montessori-Gesellschaft Halle e. V. Franckeplatz 1, Haus 19 06110 Halle (Saale) vertreten durch den Vorstand dieser wiederum gemeinschaftlich vertreten durch den Vorstandsvorsitzenden Wolfgang Kreser und die stellvertretenden Vorstandsvorsitzende Dr. Anke Piechotta Kontakt Telefon: 0345 \/ 977 24 70 Telefax: 0345 \/ 977 24 71 E-Mail: verein(at)montessori-halle.de Registergericht eingetragen im Vereinsregister&#8230;<\/p>\n","protected":false},"author":2,"featured_media":0,"parent":0,"menu_order":0,"comment_status":"closed","ping_status":"closed","template":"","meta":[],"_links":{"self":[{"href":"https:\/\/montessori-halle.de\/cms\/wp-json\/wp\/v2\/pages\/899"}],"collection":[{"href":"https:\/\/montessori-halle.de\/cms\/wp-json\/wp\/v2\/pages"}],"about":[{"href":"https:\/\/montessori-halle.de\/cms\/wp-json\/wp\/v2\/types\/page"}],"author":[{"embeddable":true,"href":"https:\/\/montessori-halle.de\/cms\/wp-json\/wp\/v2\/users\/2"}],"replies":[{"embeddable":true,"href":"https:\/\/montessori-halle.de\/cms\/wp-json\/wp\/v2\/comments?post=899"}],"version-history":[{"count":9,"href":"https:\/\/montessori-halle.de\/cms\/wp-json\/wp\/v2\/pages\/899\/revisions"}],"predecessor-version":[{"id":3117,"href":"https:\/\/montessori-halle.de\/cms\/wp-json\/wp\/v2\/pages\/899\/revisions\/3117"}],"wp:attachment":[{"href":"https:\/\/montessori-halle.de\/cms\/wp-json\/wp\/v2\/media?parent=899"}],"curies":[{"name":"wp","href":"https:\/\/api.w.org\/{rel}","templated":true}]}}